230
Convert 100110011 (base 2) to base 12.
217
1011 (base 6) to base 5
1343
200012221 (base 3) to base 10
13282
What is -7176 (base 9) in base 11?
-3a46
1057 (base 9) to base 16
30d
-12 (base 5) to base 7
-10
What is -201001220 (base 3) in base 8?
-33116
Convert -7c24 (base 16) to base 13.
-11608
What is -2939 (base 10) in base 14?
-10dd
-2236 (base 8) to base 9
-1553
-28972 (base 11) to base 4
-22002022
What is -43157 (base 11) in base 6?
-1202244
98 (base 14) to base 10
134
What is -aa7b (base 14) in base 7?
-152014
Convert -9014 (base 12) to base 16.
-3cd0
What is 123120 (base 5) in base 3?
20120020
What is -3379 (base 10) in base 7?
-12565
What is -2221 (base 5) in base 3?
-102112
Convert 55a (base 13) to base 7.
2453
What is -26352 (base 8) in base 16?
-2cea
Convert -7346 (base 9) to base 8.
-12414
Convert 2050 (base 16) to base 3.
102100101
68 (base 15) to base 6
242
Convert -12022 (base 3) to base 6.
-355
22562 (base 8) to base 10
9586
What is 1726 (base 13) in base 9?
4611
What is 2ac5 (base 14) in base 8?
16705
What is -63791 (base 10) in base 5?
-4020131
Convert 2010 (base 8) to base 15.
48c
What is -13934 (base 10) in base 7?
-55424
What is -28759 (base 12) in base 2?
-1101110000110101
3b35 (base 15) to base 14
4878
-9626 (base 10) to base 3
-111012112
-1111101110 (base 2) to base 13
-5c5
Convert 7573 (base 16) to base 10.
30067
1003121 (base 4) to base 13
1c6a
What is -10000101110 (base 2) in base 3?
-1110122
142131 (base 5) to base 13
2901
124 (base 12) to base 9
211
-2a8 (base 15) to base 12
-428
What is -10211 (base 7) in base 8?
-4713
Convert 1543 (base 6) to base 3.
120200
Convert 1010110001 (base 2) to base 8.
1261
Convert 33013 (base 7) to base 16.
2032
-2151 (base 7) to base 3
-1001120
What is -33269 (base 11) in base 6?
-1011145
-10254 (base 7) to base 5
-40123
What is 69 (base 11) in base 9?
83
Convert -21301 (base 4) to base 2.
-1001110001
Convert -56e4 (base 15) to base 13.
-8515
841 (base 9) to base 12
491
a801 (base 14) to base 2
111000101010001
Convert 36e (base 15) to base 11.
649
Convert 15364 (base 9) to base 3.
112102011
-1bdc (base 15) to base 13
-29ac
Convert -91 (base 15) to base 4.
-2020
-484 (base 10) to base 4
-13210
Convert -1638 (base 14) to base 11.
-2a8a
What is 106033 (base 7) in base 9?
27817
What is -123120 (base 4) in base 10?
-1752
c05 (base 13) to base 11
1589
What is -233013 (base 4) in base 11?
-22a1
What is 20479 (base 10) in base 11?
14428
-20311 (base 5) to base 16
-533
Convert -7867 (base 12) to base 16.
-340f
1a5a (base 13) to base 9
5382
-20233 (base 4) to base 15
-274
1342213 (base 5) to base 15
838d
What is -16759 (base 11) in base 5?
-1223123
110110010 (base 2) to base 6
2002
Convert -25 (base 7) to base 5.
-34
What is -3c3 (base 14) in base 12?
-533
12231 (base 6) to base 9
2441
Convert 2124 (base 5) to base 6.
1201
Convert 3213202 (base 4) to base 2.
11100111100010
What is -10303 (base 8) in base 2?
-1000011000011
What is 6839 (base 10) in base 16?
1ab7
-2ab (base 12) to base 13
-263
Convert -105152 (base 6) to base 11.
-6783
1110001001 (base 2) to base 13
548
Convert -56201 (base 7) to base 8.
-33522
Convert 148a9 (base 11) to base 7.
115243
-42ce (base 15) to base 8
-33500
-895 (base 14) to base 8
-3243
What is -7619 (base 10) in base 9?
-11405
What is 10560 (base 9) in base 11?
5302
252 (base 15) to base 3
201112
11021002 (base 3) to base 13
1550
What is 313 (base 8) in base 5?
1303
Convert 100111000100111 (base 2) to base 5.
1120012
1400 (base 5) to base 4
3201
Convert -caa5 (base 16) to base 10.
-51877
What is -324 (base 6) in base 9?
-147
What is 3b3 (base 15) in base 3?
1011020
2112 (base 9) to base 14
7ca
46416 (base 10) to base 16
b550
What is 54143 (base 11) in base 4?
103031221
What is 101322311 (base 4) in base 12?
36585
Convert 35560 (base 7) to base 9.
13557
Convert -1001110 (base 3) to base 10.
-768
-147524 (base 8) to base 6
-1045420
What is -5c21 (base 13) in base 8?
-31360
-530 (base 8) to base 6
-1332
1292 (base 11) to base 5
23144
Convert 7dd0 (base 15) to base 2.
110100001111001
What is 13002 (base 4) in base 14?
242
Convert -42573 (base 8) to base 12.
-a363
What is 141634 (base 7) in base 15?
804d
Convert 2169 (base 10) to base 2.
100001111001
160 (base 13) to base 6
1051
Convert -10110002 (base 3) to base 13.
-11b4
Convert -212021110 (base 3) to base 13.
-7953
Convert -66 (base 8) to base 5.
-204
What is 24550 (base 9) in base 7?
66033
Convert -40d (base 14) to base 4.
-30131
Convert 2208 (base 12) to base 6.
25212
Convert 1220003 (base 4) to base 13.
3053
1c6 (base 15) to base 11
344
Convert -20300 (base 5) to base 9.
-1732
What is -4029 (base 10) in base 14?
-167b
What is 131150 (base 6) in base 10?
11946
Convert -133530 (base 6) to base 12.
-72a6
Convert -23202032 (base 4) to base 12.
-23412
What is b6 (base 13) in base 6?
405
-1b7 (base 12) to base 2
-100011011
3422333 (base 5) to base 6
1150132
-10010 (base 4) to base 8
-404
What is -5420 (base 6) in base 14?
-644
-50a (base 14) to base 4
-33132
What is 131333 (base 4) in base 11?
1495
Convert 1604 (base 9) to base 2.
10011000011
Convert 214 (base 11) to base 7.
515
Convert 1708 (base 9) to base 3.
1210022
101011101111111 (base 2) to base 11
15913
18511 (base 12) to base 15
a6cd
Convert -1363 (base 7) to base 16.
-217
What is 3020 (base 7) in base 2?
10000010011
151252 (base 6) to base 8
34360
3 (base 10) to base 11
3
Convert 13320 (base 4) to base 11.
419
Convert -26062 (base 9) to base 16.
-4490
Convert 443434 (base 5) to base 6.
155422
Convert 7095 (base 12) to base 11.
919a
Convert -1110233 (base 4) to base 9.
-7385
Convert -11100 (base 3) to base 10.
-117
-1111011010010111 (base 2) to base 15
-13a87
1604 (base 7) to base 9
782
Convert -13138 (base 13) to base 12.
-18574
What is 15014 (base 6) in base 4?
211102
What is -845 (base 9) in base 3?
-221112
a7a4 (base 13) to base 14
86b5
-234412 (base 5) to base 7
-34313
7 (base 8) to base 5
12
What is -3b1 (base 12) in base 6?
-2341
Convert 1000000 (base 2) to base 3.
2101
What is 2201333 (base 4) in base 13?
4946
Convert -2003 (base 7) to base 2.
-1010110001
What is -111010010010 (base 2) in base 3?
-12010011
40 (base 13) to base 8
64
31430 (base 5) to base 6
13443
-1001110011111 (base 2) to base 10
-5023
-54101 (base 6) to base 2
-1110011010101
What is 43c (base 15) in base 7?
2535
Convert 425 (base 11) to base 15.
241
Convert -4864 (base 9) to base 6.
-24434
3243 (base 10) to base 4
302223
110001111 (base 2) to base 3
112210
Convert -4408 (base 10) to base 5.
-120113
Convert -8 (base 13) to base 9.
-8
What is -11010010110 (base 2) in base 4?
-122112
Convert 105b (base 13) to base 3.
10010012
Convert 1313213 (base 4) to base 9.
11445
-1020102210 (base 3) to base 2
-101111100110111
Convert -248 (base 14) to base 6.
-2040
Convert 27b5 (base 12) to base 2.
1000111111001
Convert -414 (base 13) to base 7.
-2010
What is 2a3 (base 13) in base 16?
1d7
Convert 10011 (base 3) to base 16.
55
What is -201121110 (base 3) in base 5?
-424140
What is -3084 (base 10) in base 3?
-11020020
Convert 91f (base 16) to base 3.
10012111
Convert 10220022 (base 3) to base 15.
c98
300 (base 15) to base 14
363
-20bc9 (base 14) to base 15
-186ca
-1c5 (base 16) to base 11
-382
Convert 1480 (base 12) to base 3.
10021220
What is 101111010011 (base 2) in base 7?
11553
Convert -1120 (base 10) to base 14.
-5a0
What is -fa (base 16) in base 10?
-250
207 (base 15) to base 14
249
Convert 114032 (base 5) to base 16.
10ab
What is -171 (base 13) in base 7?
-522
Convert 201211 (base 4) to base 8.
4145
-dc85 (base 14) to base 10
-38141
What is -246 (base 10) in base 13?
-15c
-b742 (base 13) to base 9
-37756
5575 (base 9) to base 13
1b4a
What is -1ca (base 14) in base 7?
-1043
4302 (base 5) to base 2
1001000001
25260 (base 9) to base 2
100001001010111
What is -12021 (base 5) in base 7?
-2404
Convert a21 (base 14) to base 5.
30424
What is -111000000111000 (base 2) in base 6?
-341000
Convert 1000000001011010 (base 2) to base 5.
2022413
What is -20310 (base 5) in base 3?
-1211021
-16500 (base 9) to base 2
-10110001001100
Convert 5025 (base 6) to base 2.
10001001001
Convert -7c (base 16) to base 12.
-a4
30a (base 13) to base 5
4032
-fad (base 16) to base 10
-4013
What is -18d6b (base 15) in base 8?
